{"id":10,"date":"2022-12-21T19:38:26","date_gmt":"2022-12-21T22:38:26","guid":{"rendered":"https:\/\/elbohio.enlacetres.com\/?page_id=10"},"modified":"2023-01-02T10:53:13","modified_gmt":"2023-01-02T13:53:13","slug":"quienes-somos","status":"publish","type":"page","link":"https:\/\/elbohio.enlacetres.com\/index.php\/quienes-somos\/","title":{"rendered":"Quienes Somos"},"content":{"rendered":"\t\t<div data-elementor-type=\"wp-page\" data-elementor-id=\"10\" class=\"elementor elementor-10\">\n\t\t\t\t\t\t\t\t\t<section class=\"elementor-section elementor-top-section elementor-element elementor-element-8f18803 elementor-section-boxed elementor-section-height-default elementor-section-height-default wpr-particle-no wpr-jarallax-no wpr-parallax-no wpr-sticky-section-no\" data-id=\"8f18803\" data-element_type=\"section\">\n\t\t\t\t\t\t<div class=\"elementor-container elementor-column-gap-default\">\n\t\t\t\t\t<div class=\"elementor-column elementor-col-100 elementor-top-column elementor-element elementor-element-2c35c79\" data-id=\"2c35c79\" data-element_type=\"column\" data-settings=\"{&quot;background_background&quot;:&quot;classic&quot;}\">\n\t\t\t<div class=\"elementor-widget-wrap elementor-element-populated\">\n\t\t\t\t\t\t\t\t<div class=\"elementor-element elementor-element-1e6a9b1 elementor-widget elementor-widget-heading\" data-id=\"1e6a9b1\" data-element_type=\"widget\" data-widget_type=\"heading.default\">\n\t\t\t\t<div class=\"elementor-widget-container\">\n\t\t\t<style>\/*! elementor - v3.9.2 - 21-12-2022 *\/\n.elementor-heading-title{padding:0;margin:0;line-height:1}.elementor-widget-heading .elementor-heading-title[class*=elementor-size-]>a{color:inherit;font-size:inherit;line-height:inherit}.elementor-widget-heading .elementor-heading-title.elementor-size-small{font-size:15px}.elementor-widget-heading .elementor-heading-title.elementor-size-medium{font-size:19px}.elementor-widget-heading .elementor-heading-title.elementor-size-large{font-size:29px}.elementor-widget-heading .elementor-heading-title.elementor-size-xl{font-size:39px}.elementor-widget-heading .elementor-heading-title.elementor-size-xxl{font-size:59px}<\/style><h2 class=\"elementor-heading-title elementor-size-default\">Actividades del Centro<\/h2>\t\t<\/div>\n\t\t\t\t<\/div>\n\t\t\t\t<div class=\"elementor-element elementor-element-7a1179b elementor-widget elementor-widget-text-editor\" data-id=\"7a1179b\" data-element_type=\"widget\" data-widget_type=\"text-editor.default\">\n\t\t\t\t<div class=\"elementor-widget-container\">\n\t\t\t<style>\/*! elementor - v3.9.2 - 21-12-2022 *\/\n.elementor-widget-text-editor.elementor-drop-cap-view-stacked .elementor-drop-cap{background-color:#818a91;color:#fff}.elementor-widget-text-editor.elementor-drop-cap-view-framed .elementor-drop-cap{color:#818a91;border:3px solid;background-color:transparent}.elementor-widget-text-editor:not(.elementor-drop-cap-view-default) .elementor-drop-cap{margin-top:8px}.elementor-widget-text-editor:not(.elementor-drop-cap-view-default) .elementor-drop-cap-letter{width:1em;height:1em}.elementor-widget-text-editor .elementor-drop-cap{float:left;text-align:center;line-height:1;font-size:50px}.elementor-widget-text-editor .elementor-drop-cap-letter{display:inline-block}<\/style>\t\t\t\t<p>El Boh\u00edo, es una Asociaci\u00f3n sin fines de lucro que nace a principios de los a\u00f1os 2000. Desde ese momento, se ha dedicado a atender pacientes con terapias individualizadas y de avanzada, donde la misi\u00f3n es prevenir y contribuir a la rehabilitaci\u00f3n de las personas que padecen alguna patolog\u00eda de car\u00e1cter emocional o social. Entre estas patolog\u00edas encontramos trastornos de la personalidad, conductas compulsivas, depresi\u00f3n, angustia, alcoholismo, drogadicci\u00f3n, anorexia, bulimia, stress, fobias, tabaquismo o cualquier tipo de adicci\u00f3n o diversas dependencias (juegos, compras, internet, etc.).<br \/><br \/>En el Boh\u00edo contamos con una atm\u00f3sfera de comprensi\u00f3n, confidencialidad y trato personalizado para la soluci\u00f3n, desintoxicaci\u00f3n, rehabilitaci\u00f3n e inserci\u00f3n social de las personas con problemas de adicciones.<\/p>\t\t\t\t\t\t<\/div>\n\t\t\t\t<\/div>\n\t\t\t\t<div class=\"elementor-element elementor-element-73ace29 elementor-widget elementor-widget-heading\" data-id=\"73ace29\" data-element_type=\"widget\" data-widget_type=\"heading.default\">\n\t\t\t\t<div class=\"elementor-widget-container\">\n\t\t\t<h2 class=\"elementor-heading-title elementor-size-default\">Convenios<\/h2>\t\t<\/div>\n\t\t\t\t<\/div>\n\t\t\t\t<div class=\"elementor-element elementor-element-6899fbb elementor-widget elementor-widget-text-editor\" data-id=\"6899fbb\" data-element_type=\"widget\" data-widget_type=\"text-editor.default\">\n\t\t\t\t<div class=\"elementor-widget-container\">\n\t\t\t\t\t\t\t<p>\u2022 Inscripto en Personer\u00eda Jur\u00eddica de la Provincia de Buenos Aires con Mat. 22.863.<br \/>\u2022 Habilitado por el Ministerio de Salud de la Provincia de Buenos Aires.<br \/>\u2022 Convenio con Se.Dro.Nar. Subsidios para tratamiento de rehabilitaci\u00f3n de adicciones para mayores de 18 a\u00f1os que no poseen Obra Social.<br \/>\u2022 Convenio con Osde.<br \/>\u2022 Inscripto en la Superintendencia de Servicios de Salud.<br \/>\u2022 Inscripto como Entidad de Bien P\u00fablico de la Municipalidad de La Plata.<br \/>\u2022 Inscripto en el CENOC (Centro Nacional de Organizaciones de la Comunidad).<br \/>\u2022 Federados a FONGA(Federaci\u00f3n de Organizaciones no gubernamentales de la Argentina).<br \/>\u2022 Convenio con la Universidad de La Plata.<br \/>\u2022 Convenio con el Ministerio de Educaci\u00f3n de Ense\u00f1anza superior.<br \/>\u2022 Convenio con la Fundaci\u00f3n de Desarrollo Sostenible( El Boh\u00edo ha sido reconocido por FDS como instituci\u00f3n preparada para dar instrucci\u00f3n y capacitaci\u00f3n a nivel internacional.<\/p><p>En el Boh\u00edo contamos con una atm\u00f3sfera de comprensi\u00f3n, confidencialidad y trato personalizado para la soluci\u00f3n, desintoxicaci\u00f3n, rehabilitaci\u00f3n e inserci\u00f3n social de las personas con problemas de adicciones.<\/p>\t\t\t\t\t\t<\/div>\n\t\t\t\t<\/div>\n\t\t\t\t<div class=\"elementor-element elementor-element-488abe7 elementor-widget elementor-widget-heading\" data-id=\"488abe7\" data-element_type=\"widget\" data-widget_type=\"heading.default\">\n\t\t\t\t<div class=\"elementor-widget-container\">\n\t\t\t<h2 class=\"elementor-heading-title elementor-size-default\">Nuestras instalaciones\n<\/h2>\t\t<\/div>\n\t\t\t\t<\/div>\n\t\t\t\t<div class=\"elementor-element elementor-element-4de6b40 elementor-arrows-position-inside elementor-pagination-position-outside elementor-widget elementor-widget-image-carousel\" data-id=\"4de6b40\" data-element_type=\"widget\" data-settings=\"{&quot;navigation&quot;:&quot;both&quot;,&quot;autoplay&quot;:&quot;yes&quot;,&quot;pause_on_hover&quot;:&quot;yes&quot;,&quot;pause_on_interaction&quot;:&quot;yes&quot;,&quot;autoplay_speed&quot;:5000,&quot;infinite&quot;:&quot;yes&quot;,&quot;speed&quot;:500}\" data-widget_type=\"image-carousel.default\">\n\t\t\t\t<div class=\"elementor-widget-container\">\n\t\t\t<style>\/*! elementor - v3.9.2 - 21-12-2022 *\/\n.elementor-widget-image-carousel .swiper-container{position:static}.elementor-widget-image-carousel .swiper-container .swiper-slide figure{line-height:inherit}.elementor-widget-image-carousel .swiper-slide{text-align:center}.elementor-image-carousel-wrapper:not(.swiper-container-initialized) .swiper-slide{max-width:calc(100% \/ var(--e-image-carousel-slides-to-show, 3))}<\/style>\t\t<div class=\"elementor-image-carousel-wrapper swiper-container\" dir=\"ltr\">\n\t\t\t<div class=\"elementor-image-carousel swiper-wrapper\">\n\t\t\t\t\t\t\t\t<div class=\"swiper-slide\"><figure class=\"swiper-slide-inner\"><img decoding=\"async\" class=\"swiper-slide-image\" src=\"https:\/\/elbohio.enlacetres.com\/wp-content\/uploads\/2022\/12\/WhatsApp-Image-2022-12-28-at-4.56.33-PM-1-150x150.jpeg\" alt=\"WhatsApp Image 2022-12-28 at 4.56.33 PM (1)\" \/><\/figure><\/div><div class=\"swiper-slide\"><figure class=\"swiper-slide-inner\"><img decoding=\"async\" class=\"swiper-slide-image\" src=\"https:\/\/elbohio.enlacetres.com\/wp-content\/uploads\/2022\/12\/WhatsApp-Image-2022-12-28-at-4.56.32-PM-150x150.jpeg\" alt=\"WhatsApp Image 2022-12-28 at 4.56.32 PM\" \/><\/figure><\/div><div class=\"swiper-slide\"><figure class=\"swiper-slide-inner\"><img decoding=\"async\" class=\"swiper-slide-image\" src=\"https:\/\/elbohio.enlacetres.com\/wp-content\/uploads\/2022\/12\/WhatsApp-Image-2022-12-28-at-4.58.36-PM-150x150.jpeg\" alt=\"WhatsApp Image 2022-12-28 at 4.58.36 PM\" \/><\/figure><\/div><div class=\"swiper-slide\"><figure class=\"swiper-slide-inner\"><img decoding=\"async\" class=\"swiper-slide-image\" src=\"https:\/\/elbohio.enlacetres.com\/wp-content\/uploads\/2022\/12\/WhatsApp-Image-2022-12-28-at-4.56.33-PM-2-150x150.jpeg\" alt=\"WhatsApp Image 2022-12-28 at 4.56.33 PM (2)\" \/><\/figure><\/div><div class=\"swiper-slide\"><figure class=\"swiper-slide-inner\"><img decoding=\"async\" class=\"swiper-slide-image\" src=\"https:\/\/elbohio.enlacetres.com\/wp-content\/uploads\/2022\/12\/WhatsApp-Image-2022-12-28-at-4.58.09-PM-150x150.jpeg\" alt=\"WhatsApp Image 2022-12-28 at 4.58.09 PM\" \/><\/figure><\/div>\t\t\t<\/div>\n\t\t\t\t\t\t\t\t\t\t\t\t<div class=\"swiper-pagination\"><\/div>\n\t\t\t\t\t\t\t\t\t\t\t\t\t<div class=\"elementor-swiper-button elementor-swiper-button-prev\">\n\t\t\t\t\t\t<i aria-hidden=\"true\" class=\"eicon-chevron-left\"><\/i>\t\t\t\t\t\t<span class=\"elementor-screen-only\">Anterior<\/span>\n\t\t\t\t\t<\/div>\n\t\t\t\t\t<div class=\"elementor-swiper-button elementor-swiper-button-next\">\n\t\t\t\t\t\t<i aria-hidden=\"true\" class=\"eicon-chevron-right\"><\/i>\t\t\t\t\t\t<span class=\"elementor-screen-only\">Siguiente<\/span>\n\t\t\t\t\t<\/div>\n\t\t\t\t\t\t\t\t\t<\/div>\n\t\t\t\t<\/div>\n\t\t\t\t<\/div>\n\t\t\t\t<div class=\"elementor-element elementor-element-0b34878 elementor-widget elementor-widget-text-editor\" data-id=\"0b34878\" data-element_type=\"widget\" data-widget_type=\"text-editor.default\">\n\t\t\t\t<div class=\"elementor-widget-container\">\n\t\t\t\t\t\t\t\t\t\t\t\t\t<\/div>\n\t\t\t\t<\/div>\n\t\t\t\t\t<\/div>\n\t\t<\/div>\n\t\t\t\t\t\t\t<\/div>\n\t\t<\/section>\n\t\t\t\t\t\t\t<\/div>\n\t\t","protected":false},"excerpt":{"rendered":"<p>Actividades del Centro El Boh\u00edo, es una Asociaci\u00f3n sin fines de lucro que nace a principios de los a\u00f1os 2000. Desde ese momento, se ha dedicado a atender pacientes con terapias individualizadas y de avanzada, donde la misi\u00f3n es prevenir y contribuir a la rehabilitaci\u00f3n de las personas que padecen alguna patolog\u00eda de car\u00e1cter emocional&hellip; <a class=\"more-link\" href=\"https:\/\/elbohio.enlacetres.com\/index.php\/quienes-somos\/\">Segu\u00ed leyendo <span class=\"screen-reader-text\">Quienes Somos<\/span><\/a><\/p>\n","protected":false},"author":1,"featured_media":0,"parent":0,"menu_order":0,"comment_status":"closed","ping_status":"closed","template":"elementor_header_footer","meta":{"_joinchat":[],"footnotes":""},"class_list":["post-10","page","type-page","status-publish","hentry","entry"],"_links":{"self":[{"href":"https:\/\/elbohio.enlacetres.com\/index.php\/wp-json\/wp\/v2\/pages\/10","targetHints":{"allow":["GET"]}}],"collection":[{"href":"https:\/\/elbohio.enlacetres.com\/index.php\/wp-json\/wp\/v2\/pages"}],"about":[{"href":"https:\/\/elbohio.enlacetres.com\/index.php\/wp-json\/wp\/v2\/types\/page"}],"author":[{"embeddable":true,"href":"https:\/\/elbohio.enlacetres.com\/index.php\/wp-json\/wp\/v2\/users\/1"}],"replies":[{"embeddable":true,"href":"https:\/\/elbohio.enlacetres.com\/index.php\/wp-json\/wp\/v2\/comments?post=10"}],"version-history":[{"count":16,"href":"https:\/\/elbohio.enlacetres.com\/index.php\/wp-json\/wp\/v2\/pages\/10\/revisions"}],"predecessor-version":[{"id":322,"href":"https:\/\/elbohio.enlacetres.com\/index.php\/wp-json\/wp\/v2\/pages\/10\/revisions\/322"}],"wp:attachment":[{"href":"https:\/\/elbohio.enlacetres.com\/index.php\/wp-json\/wp\/v2\/media?parent=10"}],"curies":[{"name":"wp","href":"https:\/\/api.w.org\/{rel}","templated":true}]}}